{"id":236,"date":"2024-11-23T17:38:48","date_gmt":"2024-11-23T17:38:48","guid":{"rendered":"http:\/\/denecke-consulting.de\/?page_id=236"},"modified":"2024-11-24T09:30:31","modified_gmt":"2024-11-24T09:30:31","slug":"ehrenamt","status":"publish","type":"page","link":"http:\/\/denecke-consulting.de\/?page_id=236","title":{"rendered":"Ehrenamt"},"content":{"rendered":"\n<div class=\"wp-block-image\"><figure class=\"aligncenter size-medium\"><a href=\"https:\/\/www.mc-suedwestfalen.de\/\"><img loading=\"lazy\" width=\"300\" height=\"100\" src=\"http:\/\/denecke-consulting.de\/wp-content\/uploads\/2024\/11\/MARKETINGCLUB_SUEDWESTFALEN-300x100.png\" alt=\"\" class=\"wp-image-309\" srcset=\"http:\/\/denecke-consulting.de\/wp-content\/uploads\/2024\/11\/MARKETINGCLUB_SUEDWESTFALEN-300x100.png 300w, http:\/\/denecke-consulting.de\/wp-content\/uploads\/2024\/11\/MARKETINGCLUB_SUEDWESTFALEN-1024x342.png 1024w, http:\/\/denecke-consulting.de\/wp-content\/uploads\/2024\/11\/MARKETINGCLUB_SUEDWESTFALEN-768x256.png 768w, http:\/\/denecke-consulting.de\/wp-content\/uploads\/2024\/11\/MARKETINGCLUB_SUEDWESTFALEN-1536x512.png 1536w, http:\/\/denecke-consulting.de\/wp-content\/uploads\/2024\/11\/MARKETINGCLUB_SUEDWESTFALEN.png 1772w\" sizes=\"(max-width: 300px) 100vw, 300px\" \/><\/a><\/figure><\/div>\n\n\n\n<p>Pr\u00e4sident des Marketing Club S\u00fcdwestfalen<\/p>\n\n\n\n<div class=\"wp-block-image\"><figure class=\"aligncenter size-medium\"><a href=\"https:\/\/www.bvmc.de\/\"><img loading=\"lazy\" width=\"300\" height=\"100\" src=\"http:\/\/denecke-consulting.de\/wp-content\/uploads\/2024\/11\/DEUTSCHER_MARKETINGVERBAND-300x100.png\" alt=\"\" class=\"wp-image-310\" srcset=\"http:\/\/denecke-consulting.de\/wp-content\/uploads\/2024\/11\/DEUTSCHER_MARKETINGVERBAND-300x100.png 300w, http:\/\/denecke-consulting.de\/wp-content\/uploads\/2024\/11\/DEUTSCHER_MARKETINGVERBAND-1024x342.png 1024w, http:\/\/denecke-consulting.de\/wp-content\/uploads\/2024\/11\/DEUTSCHER_MARKETINGVERBAND-768x256.png 768w, http:\/\/denecke-consulting.de\/wp-content\/uploads\/2024\/11\/DEUTSCHER_MARKETINGVERBAND-1536x512.png 1536w, http:\/\/denecke-consulting.de\/wp-content\/uploads\/2024\/11\/DEUTSCHER_MARKETINGVERBAND.png 1772w\" sizes=\"(max-width: 300px) 100vw, 300px\" \/><\/a><\/figure><\/div>\n\n\n\n<p>Beiratsvorsitzender der Service GmbH des Deutschen Marketing Verbandes<\/p>\n\n\n\n<div class=\"wp-block-image\"><figure class=\"aligncenter size-medium\"><a href=\"https:\/\/www.fv-luedenscheid.de\/\"><img loading=\"lazy\" width=\"300\" height=\"100\" src=\"http:\/\/denecke-consulting.de\/wp-content\/uploads\/2024\/11\/FOERDERVEREIN_JUGENDFEUERWEHR-300x100.png\" alt=\"\" class=\"wp-image-311\" srcset=\"http:\/\/denecke-consulting.de\/wp-content\/uploads\/2024\/11\/FOERDERVEREIN_JUGENDFEUERWEHR-300x100.png 300w, http:\/\/denecke-consulting.de\/wp-content\/uploads\/2024\/11\/FOERDERVEREIN_JUGENDFEUERWEHR-1024x342.png 1024w, http:\/\/denecke-consulting.de\/wp-content\/uploads\/2024\/11\/FOERDERVEREIN_JUGENDFEUERWEHR-768x256.png 768w, http:\/\/denecke-consulting.de\/wp-content\/uploads\/2024\/11\/FOERDERVEREIN_JUGENDFEUERWEHR-1536x512.png 1536w, http:\/\/denecke-consulting.de\/wp-content\/uploads\/2024\/11\/FOERDERVEREIN_JUGENDFEUERWEHR.png 1772w\" sizes=\"(max-width: 300px) 100vw, 300px\" \/><\/a><\/figure><\/div>\n\n\n\n<p>Vorsitzender des F\u00f6rdervereins der Jugendfeuerwehr L\u00fcdenscheid<\/p>\n\n\n\n<div class=\"wp-block-image\"><figure class=\"aligncenter size-medium\"><a href=\"https:\/\/www.facebook.com\/FAMO2012\"><img loading=\"lazy\" width=\"300\" height=\"100\" src=\"http:\/\/denecke-consulting.de\/wp-content\/uploads\/2024\/11\/FAMO_FOERDERVEREIN-01-300x100.png\" alt=\"\" class=\"wp-image-312\" srcset=\"http:\/\/denecke-consulting.de\/wp-content\/uploads\/2024\/11\/FAMO_FOERDERVEREIN-01-300x100.png 300w, http:\/\/denecke-consulting.de\/wp-content\/uploads\/2024\/11\/FAMO_FOERDERVEREIN-01-1024x342.png 1024w, http:\/\/denecke-consulting.de\/wp-content\/uploads\/2024\/11\/FAMO_FOERDERVEREIN-01-768x256.png 768w, http:\/\/denecke-consulting.de\/wp-content\/uploads\/2024\/11\/FAMO_FOERDERVEREIN-01-1536x512.png 1536w, http:\/\/denecke-consulting.de\/wp-content\/uploads\/2024\/11\/FAMO_FOERDERVEREIN-01.png 1772w\" sizes=\"(max-width: 300px) 100vw, 300px\" \/><\/a><\/figure><\/div>\n\n\n\n<p>Vorsitzender des FAMO F\u00f6rdervereins, Familienf\u00f6rderprojekte in L\u00fcdenscheid<\/p>\n\n\n\n<div class=\"wp-block-image\"><figure class=\"aligncenter size-medium\"><a href=\"https:\/\/rathaus-luedenscheid.de\/\"><img loading=\"lazy\" width=\"300\" height=\"75\" src=\"http:\/\/denecke-consulting.de\/wp-content\/uploads\/2024\/11\/STADT_LUEDENSCHEID-300x75.png\" alt=\"\" class=\"wp-image-313\" srcset=\"http:\/\/denecke-consulting.de\/wp-content\/uploads\/2024\/11\/STADT_LUEDENSCHEID-300x75.png 300w, http:\/\/denecke-consulting.de\/wp-content\/uploads\/2024\/11\/STADT_LUEDENSCHEID.png 340w\" sizes=\"(max-width: 300px) 100vw, 300px\" \/><\/a><\/figure><\/div>\n\n\n\n<p>Initiator und Vorsitzender der Einzelhandelsinitiative zur F\u00f6rderung der strukturellen Verbesserung des Einzelhandels und zur Attraktivit\u00e4tssteigerung der L\u00fcdenscheider Innenstadt<\/p>\n","protected":false},"excerpt":{"rendered":"<p>Pr\u00e4sident des Marketing Club S\u00fcdwestfalen Beiratsvorsitzender der Service GmbH des Deutschen Marketing Verbandes Vorsitzender des F\u00f6rdervereins der Jugendfeuerwehr L\u00fcdenscheid Vorsitzender des FAMO F\u00f6rdervereins, Familienf\u00f6rderprojekte in L\u00fcdenscheid Initiator und Vorsitzender der Einzelhandelsinitiative zur F\u00f6rderung der strukturellen Verbesserung des Einzelhandels und zur Attraktivit\u00e4tssteigerung der L\u00fcdenscheider Innenstadt<\/p>\n","protected":false},"author":1,"featured_media":0,"parent":0,"menu_order":0,"comment_status":"closed","ping_status":"closed","template":"","meta":[],"_links":{"self":[{"href":"http:\/\/denecke-consulting.de\/index.php?rest_route=\/wp\/v2\/pages\/236"}],"collection":[{"href":"http:\/\/denecke-consulting.de\/index.php?rest_route=\/wp\/v2\/pages"}],"about":[{"href":"http:\/\/denecke-consulting.de\/index.php?rest_route=\/wp\/v2\/types\/page"}],"author":[{"embeddable":true,"href":"http:\/\/denecke-consulting.de\/index.php?rest_route=\/wp\/v2\/users\/1"}],"replies":[{"embeddable":true,"href":"http:\/\/denecke-consulting.de\/index.php?rest_route=%2Fwp%2Fv2%2Fcomments&post=236"}],"version-history":[{"count":3,"href":"http:\/\/denecke-consulting.de\/index.php?rest_route=\/wp\/v2\/pages\/236\/revisions"}],"predecessor-version":[{"id":314,"href":"http:\/\/denecke-consulting.de\/index.php?rest_route=\/wp\/v2\/pages\/236\/revisions\/314"}],"wp:attachment":[{"href":"http:\/\/denecke-consulting.de\/index.php?rest_route=%2Fwp%2Fv2%2Fmedia&parent=236"}],"curies":[{"name":"wp","href":"https:\/\/api.w.org\/{rel}","templated":true}]}}

<div class="wp-block-image"><figure class="aligncenter size-medium"><a href="https://www.mc-suedwestfalen.de/"><img loading="lazy" width="300" height="100" src="http://denecke-consulting.de/wp-content/uploads/2024/11/MARKETINGCLUB_SUEDWESTFALEN-300x100.png" alt="" class="wp-image-309" srcset="http://denecke-consulting.de/wp-content/uploads/2024/11/MARKETINGCLUB_SUEDWESTFALEN-300x100.png 300w, http://denecke-consulting.de/wp-content/uploads/2024/11/MARKETINGCLUB_SUEDWESTFALEN-1024x342.png 1024w, http://denecke-consulting.de/wp-content/uploads/2024/11/MARKETINGCLUB_SUEDWESTFALEN-768x256.png 768w, http://denecke-consulting.de/wp-content/uploads/2024/11/MARKETINGCLUB_SUEDWESTFALEN-1536x512.png 1536w, http://denecke-consulting.de/wp-content/uploads/2024/11/MARKETINGCLUB_SUEDWESTFALEN.png 1772w" sizes="(max-width: 300px) 100vw, 300px" /></a></figure></div>



<p>Präsident des Marketing Club Südwestfalen</p>



<div class="wp-block-image"><figure class="aligncenter size-medium"><a href="https://www.bvmc.de/"><img loading="lazy" width="300" height="100" src="http://denecke-consulting.de/wp-content/uploads/2024/11/DEUTSCHER_MARKETINGVERBAND-300x100.png" alt="" class="wp-image-310" srcset="http://denecke-consulting.de/wp-content/uploads/2024/11/DEUTSCHER_MARKETINGVERBAND-300x100.png 300w, http://denecke-consulting.de/wp-content/uploads/2024/11/DEUTSCHER_MARKETINGVERBAND-1024x342.png 1024w, http://denecke-consulting.de/wp-content/uploads/2024/11/DEUTSCHER_MARKETINGVERBAND-768x256.png 768w, http://denecke-consulting.de/wp-content/uploads/2024/11/DEUTSCHER_MARKETINGVERBAND-1536x512.png 1536w, http://denecke-consulting.de/wp-content/uploads/2024/11/DEUTSCHER_MARKETINGVERBAND.png 1772w" sizes="(max-width: 300px) 100vw, 300px" /></a></figure></div>



<p>Beiratsvorsitzender der Service GmbH des Deutschen Marketing Verbandes</p>



<div class="wp-block-image"><figure class="aligncenter size-medium"><a href="https://www.fv-luedenscheid.de/"><img loading="lazy" width="300" height="100" src="http://denecke-consulting.de/wp-content/uploads/2024/11/FOERDERVEREIN_JUGENDFEUERWEHR-300x100.png" alt="" class="wp-image-311" srcset="http://denecke-consulting.de/wp-content/uploads/2024/11/FOERDERVEREIN_JUGENDFEUERWEHR-300x100.png 300w, http://denecke-consulting.de/wp-content/uploads/2024/11/FOERDERVEREIN_JUGENDFEUERWEHR-1024x342.png 1024w, http://denecke-consulting.de/wp-content/uploads/2024/11/FOERDERVEREIN_JUGENDFEUERWEHR-768x256.png 768w, http://denecke-consulting.de/wp-content/uploads/2024/11/FOERDERVEREIN_JUGENDFEUERWEHR-1536x512.png 1536w, http://denecke-consulting.de/wp-content/uploads/2024/11/FOERDERVEREIN_JUGENDFEUERWEHR.png 1772w" sizes="(max-width: 300px) 100vw, 300px" /></a></figure></div>



<p>Vorsitzender des Fördervereins der Jugendfeuerwehr Lüdenscheid</p>



<div class="wp-block-image"><figure class="aligncenter size-medium"><a href="https://www.facebook.com/FAMO2012"><img loading="lazy" width="300" height="100" src="http://denecke-consulting.de/wp-content/uploads/2024/11/FAMO_FOERDERVEREIN-01-300x100.png" alt="" class="wp-image-312" srcset="http://denecke-consulting.de/wp-content/uploads/2024/11/FAMO_FOERDERVEREIN-01-300x100.png 300w, http://denecke-consulting.de/wp-content/uploads/2024/11/FAMO_FOERDERVEREIN-01-1024x342.png 1024w, http://denecke-consulting.de/wp-content/uploads/2024/11/FAMO_FOERDERVEREIN-01-768x256.png 768w, http://denecke-consulting.de/wp-content/uploads/2024/11/FAMO_FOERDERVEREIN-01-1536x512.png 1536w, http://denecke-consulting.de/wp-content/uploads/2024/11/FAMO_FOERDERVEREIN-01.png 1772w" sizes="(max-width: 300px) 100vw, 300px" /></a></figure></div>



<p>Vorsitzender des FAMO Fördervereins, Familienförderprojekte in Lüdenscheid</p>



<div class="wp-block-image"><figure class="aligncenter size-medium"><a href="https://rathaus-luedenscheid.de/"><img loading="lazy" width="300" height="75" src="http://denecke-consulting.de/wp-content/uploads/2024/11/STADT_LUEDENSCHEID-300x75.png" alt="" class="wp-image-313" srcset="http://denecke-consulting.de/wp-content/uploads/2024/11/STADT_LUEDENSCHEID-300x75.png 300w, http://denecke-consulting.de/wp-content/uploads/2024/11/STADT_LUEDENSCHEID.png 340w" sizes="(max-width: 300px) 100vw, 300px" /></a></figure></div>



<p>Initiator und Vorsitzender der Einzelhandelsinitiative zur Förderung der strukturellen Verbesserung des Einzelhandels und zur Attraktivitätssteigerung der Lüdenscheider Innenstadt</p>

<p>Präsident des Marketing Club Südwestfalen Beiratsvorsitzender der Service GmbH des Deutschen Marketing Verbandes Vorsitzender des Fördervereins der Jugendfeuerwehr Lüdenscheid Vorsitzender des FAMO Fördervereins, Familienförderprojekte in Lüdenscheid Initiator und Vorsitzender der Einzelhandelsinitiative zur Förderung der strukturellen Verbesserung des Einzelhandels und zur Attraktivitätssteigerung der Lüdenscheider Innenstadt</p>
